{"id":3009,"date":"2023-07-31T14:49:42","date_gmt":"2023-07-31T14:49:42","guid":{"rendered":"https:\/\/crete.themepreview.xyz\/home-one\/?page_id=3009"},"modified":"2025-09-08T08:15:14","modified_gmt":"2025-09-08T06:15:14","slug":"servicios","status":"publish","type":"page","link":"https:\/\/cristelescal.com\/index.php\/servicios\/","title":{"rendered":"Servicios"},"content":{"rendered":"\t\t<div data-elementor-type=\"wp-page\" data-elementor-id=\"3009\" class=\"elementor elementor-3009\">\n\t\t\t\t<div class=\"elementor-element elementor-element-459ed31 e-con-full e-flex e-con e-parent\" data-id=\"459ed31\" data-element_type=\"container\" data-e-type=\"container\" data-settings=\"{&quot;background_background&quot;:&quot;classic&quot;}\">\n\t\t\t\t<div class=\"elementor-element elementor-element-8691c7d servicios elementor-widget elementor-widget-crete_service_grid\" data-id=\"8691c7d\" data-element_type=\"widget\" data-e-type=\"widget\" data-widget_type=\"crete_service_grid.default\">\n\t\t\t\t<div class=\"elementor-widget-container\">\n\t\t\t\t\t    <!--service section start-->\r\n    <section class=\"service-section ptb-100 position-relative z-1 overflow-hidden dark-bg-color\">\r\n                <span class=\"circle-shape-1 position-absolute z--1\"><\/span>\r\n        <span class=\"circle-shape-2 position-absolute z--1\"><\/span>\r\n                <div class=\"container\">\r\n            <div class=\"row justify-content-center\">\r\n\r\n                <div class=\"col-xl-6 col-lg-8\">\r\n                    <div class=\"section-title text-center\">\r\n                                                                        \r\n                    <\/div>\r\n                <\/div>\r\n            <\/div>\r\n            <div class=\"row justify-content-center g-4 mt-60\">\r\n                \r\n                        <div class=\"col-md-6\">\r\n                            <div class=\"d-flex gap-4 service-card bg-white rounded-3 wow fadeInUp\">\r\n                        <span class=\"icon-wrapper flex-shrink-0\">\r\n                            <img decoding=\"async\" src=\"https:\/\/cristelescal.com\/wp-content\/uploads\/2023\/09\/icono1_.svg\" alt=\"icon\" class=\"img-fluid crete_main_searvice_image\">\r\n                        <\/span>\r\n                                <div>\r\n                                    <h6 class=\"mb-4\">Dise\u00f1o grafico<\/h6>\r\n                                    <p class=\"mb-32 fw-medium\"><p>Tengo m\u00e1s de 13 a\u00f1os de experiencia en Dise\u00f1o gr\u00e1fico y junto con nuestro equipo de dise\u00f1adores gr\u00e1ficos y expertos en multimedia estamos listos para dar vida a tu visi\u00f3n. Desde logotipos y gr\u00e1ficos llamativos hasta presentaciones multimedia impactantes, te ayudaremos a comunicar tu mensaje de manera visualmente atractiva y efectiva.<\/p><\/p>\r\n                                    <a href=\"#contacto\"\r\n                                       class=\"explore-btn\">\r\n                                        Rompe barreras                                        <span class=\"ms-2\">\r\n                                    <i aria-hidden=\"true\" class=\"fas fa-arrow-right\"><\/i>                                <\/span>\r\n                                    <\/a>\r\n                                <\/div>\r\n                            <\/div>\r\n                        <\/div>\r\n\r\n\r\n                        \r\n                        <div class=\"col-md-6\">\r\n                            <div class=\"d-flex gap-4 service-card bg-white rounded-3 wow fadeInUp\">\r\n                        <span class=\"icon-wrapper flex-shrink-0\">\r\n                            <img decoding=\"async\" src=\"https:\/\/cristelescal.com\/wp-content\/uploads\/2023\/09\/icono3.svg\" alt=\"icon\" class=\"img-fluid crete_main_searvice_image\">\r\n                        <\/span>\r\n                                <div>\r\n                                    <h6 class=\"mb-4\">Marketing digital<\/h6>\r\n                                    <p class=\"mb-32 fw-medium\"><p>Impulsa tu presencia en l\u00ednea con estrategias de marketing digital de vanguardia. Desde SEO y publicidad en redes sociales hasta marketing de contenidos y an\u00e1lisis de datos, te ayudamos a conectarte con tu audiencia y a aumentar tu visibilidad en la web.<\/p><\/p>\r\n                                    <a href=\"#contacto\"\r\n                                       class=\"explore-btn\">\r\n                                        Explora el Universo Digital                                        <span class=\"ms-2\">\r\n                                    <i aria-hidden=\"true\" class=\"fas fa-arrow-right\"><\/i>                                <\/span>\r\n                                    <\/a>\r\n                                <\/div>\r\n                            <\/div>\r\n                        <\/div>\r\n\r\n\r\n                        \r\n                        <div class=\"col-md-6\">\r\n                            <div class=\"d-flex gap-4 service-card bg-white rounded-3 wow fadeInUp\">\r\n                        <span class=\"icon-wrapper flex-shrink-0\">\r\n                            <img decoding=\"async\" src=\"https:\/\/cristelescal.com\/wp-content\/uploads\/2023\/09\/icono2_Mesa-de-trabajo-1.svg\" alt=\"icon\" class=\"img-fluid crete_main_searvice_image\">\r\n                        <\/span>\r\n                                <div>\r\n                                    <h6 class=\"mb-4\">Merchandising<\/h6>\r\n                                    <p class=\"mb-32 fw-medium\"><p>El merchandising es una forma poderosa de promocionar tu marca. Ofrecemos una amplia gama de productos personalizados, desde art\u00edculos promocionales hasta regalos promocionales, ropa y accesorios personalizados. Perm\u00edtenos ser tu socio en la creaci\u00f3n de productos que dejen una impresi\u00f3n duradera<\/p><\/p>\r\n                                    <a href=\"#contacto\"\r\n                                       class=\"explore-btn\">\r\n                                        Marca tu Huella                                         <span class=\"ms-2\">\r\n                                    <i aria-hidden=\"true\" class=\"fas fa-arrow-right\"><\/i>                                <\/span>\r\n                                    <\/a>\r\n                                <\/div>\r\n                            <\/div>\r\n                        <\/div>\r\n\r\n\r\n                        \r\n                        <div class=\"col-md-6\">\r\n                            <div class=\"d-flex gap-4 service-card bg-white rounded-3 wow fadeInUp\">\r\n                        <span class=\"icon-wrapper flex-shrink-0\">\r\n                            <img decoding=\"async\" src=\"https:\/\/cristelescal.com\/wp-content\/uploads\/2023\/09\/icono1-1.png\" alt=\"icon\" class=\"img-fluid crete_main_searvice_image\">\r\n                        <\/span>\r\n                                <div>\r\n                                    <h6 class=\"mb-4\">Carteler\u00eda: <\/h6>\r\n                                    <p class=\"mb-32 fw-medium\"><p>Desde peque\u00f1os carteles publicitarios hasta murales de gran formato, nuestra experiencia en carteler\u00eda y arquigraf\u00eda transforma tus espacios y comunica tu mensaje de manera impactante. Desde se\u00f1alizaci\u00f3n interior hasta elementos exteriores, trabajamos en proyectos de todas las escalas para dar vida a tus conceptos.<\/p><\/p>\r\n                                    <a href=\"#contacto\"\r\n                                       class=\"explore-btn\">\r\n                                        Potenci\u00e1 tu Marca                                        <span class=\"ms-2\">\r\n                                    <i aria-hidden=\"true\" class=\"fas fa-arrow-right\"><\/i>                                <\/span>\r\n                                    <\/a>\r\n                                <\/div>\r\n                            <\/div>\r\n                        <\/div>\r\n\r\n\r\n                        \r\n            <\/div>\r\n        <\/div>\r\n    <\/section>\r\n    <!--service section end-->\r\n    \r\n\r\n\r\n        \t\t\t\t<\/div>\n\t\t\t\t<\/div>\n\t\t\t\t<\/div>\n\t\t<div class=\"elementor-element elementor-element-49bf9c1 e-con-full e-flex e-con e-parent\" data-id=\"49bf9c1\" data-element_type=\"container\" data-e-type=\"container\">\n\t\t\t\t<div class=\"elementor-element elementor-element-ede4cfb elementor-widget elementor-widget-crete_blog_post\" data-id=\"ede4cfb\" data-element_type=\"widget\" data-e-type=\"widget\" data-widget_type=\"crete_blog_post.default\">\n\t\t\t\t<div class=\"elementor-widget-container\">\n\t\t\t\t\t <!--blog section start-->\r\n    <section class=\"blog-section ptb-100 bg-white overflow-hidden\">\r\n        <div class=\"container\">\r\n            <div class=\"row justify-content-center\">\r\n                <div class=\"col-xl-6\">\r\n                    <div class=\"text-center\">\r\n                        \r\n                                                                        <h2 class=\"mt-4 wow fadeInUp\" data-wow-delay=\"0.2s\">Noticias recientes <\/h2>\r\n                                                \r\n                    <\/div>\r\n                <\/div>\r\n            <\/div>\r\n            <div class=\"row mt-5 justify-content-center g-4\">\r\n                                <div class=\"col-xl-4 col-sm-6\">\r\n                    <article class=\"hm2-blog-card\">\r\n                        <div class=\"feature-image rounded-3 overflow-hidden position-relative\">\r\n                                                                                <\/div>\r\n                        <div class=\"blog-content mt-32\">\r\n                            <div class=\"blog-meta d-flex align-items-center flex-wrap gap-4\">\r\n                                <span class=\"fs-sm fw-medium\">29 Ago, 2023<\/span>\r\n                                <span class=\"fs-sm fw-medium\">0 min read<\/span>\r\n                            <\/div>\r\n                            <a href=\"https:\/\/cristelescal.com\/index.php\/2023\/08\/29\/hola-mundo\/\"><h6 class=\"my-4\">\u00a1Hola, mundo!<\/h6><\/a>\r\n                            <div class=\"categories d-flex align-items-center gap-3 flex-wrap\">\r\n                                                           <a href=\"https:\/\/cristelescal.com\/index.php\/category\/blog\/\" rel=\"category tag\">Blog<\/a>                            <\/div>\r\n                        <\/div>\r\n                    <\/article>\r\n                <\/div>\r\n                                <div class=\"col-xl-4 col-sm-6\">\r\n                    <article class=\"hm2-blog-card\">\r\n                        <div class=\"feature-image rounded-3 overflow-hidden position-relative\">\r\n                            <img fetchpriority=\"high\" decoding=\"async\" width=\"968\" height=\"1050\" src=\"https:\/\/cristelescal.com\/wp-content\/uploads\/2023\/07\/pexels-the-coach-space-2977581.jpg\" class=\"attachment-full size-full wp-post-image\" alt=\"\" srcset=\"https:\/\/cristelescal.com\/wp-content\/uploads\/2023\/07\/pexels-the-coach-space-2977581.jpg 968w, https:\/\/cristelescal.com\/wp-content\/uploads\/2023\/07\/pexels-the-coach-space-2977581-277x300.jpg 277w, https:\/\/cristelescal.com\/wp-content\/uploads\/2023\/07\/pexels-the-coach-space-2977581-944x1024.jpg 944w, https:\/\/cristelescal.com\/wp-content\/uploads\/2023\/07\/pexels-the-coach-space-2977581-768x833.jpg 768w\" sizes=\"(max-width: 968px) 100vw, 968px\" \/>                                                        <a href=\"https:\/\/www.youtube.com\/watch?time_continue=3&amp;v=6YKie_OZ6Cg\" class=\"video-btn video-popup-btn rounded-circle d-inline-flex align-items-center justify-content-center\"><i class=\"fas fa-play\"><\/i><\/a>\r\n                                                                                        <\/div>\r\n                        <div class=\"blog-content mt-32\">\r\n                            <div class=\"blog-meta d-flex align-items-center flex-wrap gap-4\">\r\n                                <span class=\"fs-sm fw-medium\">31 Jul, 2023<\/span>\r\n                                <span class=\"fs-sm fw-medium\">1 min read<\/span>\r\n                            <\/div>\r\n                            <a href=\"https:\/\/cristelescal.com\/index.php\/2023\/07\/31\/secrets-for-agency-build-in-a-city\/\"><h6 class=\"my-4\">Top Secrets for Agency build in the top city<\/h6><\/a>\r\n                            <div class=\"categories d-flex align-items-center gap-3 flex-wrap\">\r\n                                                           <a href=\"https:\/\/cristelescal.com\/index.php\/category\/digital\/\" rel=\"category tag\">Digital<\/a> <a href=\"https:\/\/cristelescal.com\/index.php\/category\/software\/\" rel=\"category tag\">Software<\/a>                            <\/div>\r\n                        <\/div>\r\n                    <\/article>\r\n                <\/div>\r\n                                <div class=\"col-xl-4 col-sm-6\">\r\n                    <article class=\"hm2-blog-card\">\r\n                        <div class=\"feature-image rounded-3 overflow-hidden position-relative\">\r\n                            <img decoding=\"async\" width=\"968\" height=\"1058\" src=\"https:\/\/cristelescal.com\/wp-content\/uploads\/2023\/07\/blog-1.jpg\" class=\"attachment-full size-full wp-post-image\" alt=\"\" srcset=\"https:\/\/cristelescal.com\/wp-content\/uploads\/2023\/07\/blog-1.jpg 968w, https:\/\/cristelescal.com\/wp-content\/uploads\/2023\/07\/blog-1-274x300.jpg 274w, https:\/\/cristelescal.com\/wp-content\/uploads\/2023\/07\/blog-1-937x1024.jpg 937w, https:\/\/cristelescal.com\/wp-content\/uploads\/2023\/07\/blog-1-768x839.jpg 768w, https:\/\/cristelescal.com\/wp-content\/uploads\/2023\/07\/blog-1-648x708.jpg 648w\" sizes=\"(max-width: 968px) 100vw, 968px\" \/>                                                        <a href=\"https:\/\/www.youtube.com\/watch?time_continue=3&amp;v=6YKie_OZ6Cg\" class=\"video-btn video-popup-btn rounded-circle d-inline-flex align-items-center justify-content-center\"><i class=\"fas fa-play\"><\/i><\/a>\r\n                                                                                        <\/div>\r\n                        <div class=\"blog-content mt-32\">\r\n                            <div class=\"blog-meta d-flex align-items-center flex-wrap gap-4\">\r\n                                <span class=\"fs-sm fw-medium\">29 Jul, 2023<\/span>\r\n                                <span class=\"fs-sm fw-medium\">1 min read<\/span>\r\n                            <\/div>\r\n                            <a href=\"https:\/\/cristelescal.com\/index.php\/2023\/07\/29\/main-rules-to-stand-on-the-agency-highness\/\"><h6 class=\"my-4\">Main rules to stand on the agency highness<\/h6><\/a>\r\n                            <div class=\"categories d-flex align-items-center gap-3 flex-wrap\">\r\n                                                           <a href=\"https:\/\/cristelescal.com\/index.php\/category\/agency-soution\/\" rel=\"category tag\">Agency Soution<\/a>                            <\/div>\r\n                        <\/div>\r\n                    <\/article>\r\n                <\/div>\r\n                                <div class=\"col-xl-4 col-sm-6\">\r\n                    <article class=\"hm2-blog-card\">\r\n                        <div class=\"feature-image rounded-3 overflow-hidden position-relative\">\r\n                            <img decoding=\"async\" width=\"968\" height=\"1058\" src=\"https:\/\/cristelescal.com\/wp-content\/uploads\/2023\/07\/blog-2.jpg\" class=\"attachment-full size-full wp-post-image\" alt=\"\" srcset=\"https:\/\/cristelescal.com\/wp-content\/uploads\/2023\/07\/blog-2.jpg 968w, https:\/\/cristelescal.com\/wp-content\/uploads\/2023\/07\/blog-2-274x300.jpg 274w, https:\/\/cristelescal.com\/wp-content\/uploads\/2023\/07\/blog-2-937x1024.jpg 937w, https:\/\/cristelescal.com\/wp-content\/uploads\/2023\/07\/blog-2-768x839.jpg 768w, https:\/\/cristelescal.com\/wp-content\/uploads\/2023\/07\/blog-2-648x708.jpg 648w\" sizes=\"(max-width: 968px) 100vw, 968px\" \/>                                                        <a href=\"https:\/\/www.youtube.com\/watch?v=Cn4G2lZ_g2I\" class=\"video-btn video-popup-btn rounded-circle d-inline-flex align-items-center justify-content-center\"><i class=\"fas fa-play\"><\/i><\/a>\r\n                                                                                        <\/div>\r\n                        <div class=\"blog-content mt-32\">\r\n                            <div class=\"blog-meta d-flex align-items-center flex-wrap gap-4\">\r\n                                <span class=\"fs-sm fw-medium\">29 Jul, 2023<\/span>\r\n                                <span class=\"fs-sm fw-medium\">0 min read<\/span>\r\n                            <\/div>\r\n                            <a href=\"https:\/\/cristelescal.com\/index.php\/2023\/07\/29\/the-aim-of-creative-agency-mainly-deliver-innovative-solutions\/\"><h6 class=\"my-4\">The aim of creative agency mainly deliver innovative solutions<\/h6><\/a>\r\n                            <div class=\"categories d-flex align-items-center gap-3 flex-wrap\">\r\n                                                           <a href=\"https:\/\/cristelescal.com\/index.php\/category\/digital\/\" rel=\"category tag\">Digital<\/a> <a href=\"https:\/\/cristelescal.com\/index.php\/category\/software\/\" rel=\"category tag\">Software<\/a>                            <\/div>\r\n                        <\/div>\r\n                    <\/article>\r\n                <\/div>\r\n                                \r\n            <\/div>\r\n        <\/div>\r\n    <\/section>\r\n    <!--blog section end-->\r\n\r\n\t\t\t\t<\/div>\n\t\t\t\t<\/div>\n\t\t\t\t<\/div>\n\t\t\t\t<\/div>\n\t\t","protected":false},"excerpt":{"rendered":"<p>Dise\u00f1o grafico Tengo m\u00e1s de 13 a\u00f1os de experiencia en Dise\u00f1o gr\u00e1fico y junto con nuestro equipo de dise\u00f1adores gr\u00e1ficos y expertos en multimedia estamos listos para dar vida a tu visi\u00f3n. Desde logotipos y gr\u00e1ficos llamativos hasta presentaciones multimedia impactantes, te ayudaremos a comunicar tu mensaje de manera visualmente atractiva y efectiva. Rompe barreras [&hellip;]<\/p>\n","protected":false},"author":1,"featured_media":0,"parent":0,"menu_order":0,"comment_status":"closed","ping_status":"closed","template":"full-width-page.php","meta":{"content-type":"","footnotes":""},"class_list":["post-3009","page","type-page","status-publish","hentry"],"acf":[],"_links":{"self":[{"href":"https:\/\/cristelescal.com\/index.php\/wp-json\/wp\/v2\/pages\/3009","targetHints":{"allow":["GET"]}}],"collection":[{"href":"https:\/\/cristelescal.com\/index.php\/wp-json\/wp\/v2\/pages"}],"about":[{"href":"https:\/\/cristelescal.com\/index.php\/wp-json\/wp\/v2\/types\/page"}],"author":[{"embeddable":true,"href":"https:\/\/cristelescal.com\/index.php\/wp-json\/wp\/v2\/users\/1"}],"replies":[{"embeddable":true,"href":"https:\/\/cristelescal.com\/index.php\/wp-json\/wp\/v2\/comments?post=3009"}],"version-history":[{"count":5,"href":"https:\/\/cristelescal.com\/index.php\/wp-json\/wp\/v2\/pages\/3009\/revisions"}],"predecessor-version":[{"id":3749,"href":"https:\/\/cristelescal.com\/index.php\/wp-json\/wp\/v2\/pages\/3009\/revisions\/3749"}],"wp:attachment":[{"href":"https:\/\/cristelescal.com\/index.php\/wp-json\/wp\/v2\/media?parent=3009"}],"curies":[{"name":"wp","href":"https:\/\/api.w.org\/{rel}","templated":true}]}}