{"id":2670,"date":"2023-07-30T10:16:22","date_gmt":"2023-07-30T10:16:22","guid":{"rendered":"https:\/\/crete.themepreview.xyz\/home-one\/?page_id=2670"},"modified":"2025-09-05T00:49:23","modified_gmt":"2025-09-04T22:49:23","slug":"about","status":"publish","type":"page","link":"https:\/\/cristelescal.com\/index.php\/about\/","title":{"rendered":"About Company"},"content":{"rendered":"\t\t<div data-elementor-type=\"wp-page\" data-elementor-id=\"2670\" class=\"elementor elementor-2670\">\n\t\t\t\t<div class=\"elementor-element elementor-element-5d5f43d e-con-full e-flex e-con e-parent\" data-id=\"5d5f43d\" data-element_type=\"container\" data-e-type=\"container\">\n\t\t\t\t<div class=\"elementor-element elementor-element-669d929 elementor-widget elementor-widget-crete_info_section_two\" data-id=\"669d929\" data-element_type=\"widget\" data-e-type=\"widget\" data-widget_type=\"crete_info_section_two.default\">\n\t\t\t\t<div class=\"elementor-widget-container\">\n\t\t\t\t\t        \r\n            <!--about section start-->\r\n    <section class=\"about-section ptb-100 overflow-hidden\">\r\n        <div class=\"container\">\r\n            <div class=\"row align-items-center g-5\">\r\n                <div class=\"col-xl-6\">\r\n                    <div class=\"about-content-left position-relative\">\r\n                                                    <img decoding=\"async\" src=\"https:\/\/crete.themepreview.xyz\/home-one\/wp-content\/uploads\/sites\/2\/2023\/07\/ab-2.png\" alt=\"not found\" class=\"img-fluid\">\r\n                        \r\n\r\n\r\n                        \r\n                            <div class=\"position-absolute ab-years-box wow fadeInUp\">\r\n                                <h3 class=\"mb-0\">25<\/h3>\r\n                                <p class=\"mb-0 crete__counter_text\">A\u00f1os de experiencia<\/p>\r\n                            <\/div>\r\n                                            <\/div>\r\n                <\/div>\r\n                <div class=\"col-xl-6\">\r\n                    <div class=\"about-content-right\">\r\n\r\n                        \r\n                                                    <h2 class=\"mt-4 mb-4 wow fadeInUp crete_info_two_title\"\r\n                                data-wow-delay=\"0.2s\">Quienes somos                                                             <\/h2>\r\n                                                                            <p class=\"mb-32 wow fadeInUp crete_info_two_decription\"\r\n                               data-wow-delay=\"0.3s\">Yo soy Cristel Escalante y junto a un selecto equipo de creativos y estrategas que se dedican a dar vida a tu visi\u00f3n. Con a\u00f1os de experiencia en marketing, dise\u00f1o y producci\u00f3n. Nos dedicamos a potenciar la identidad de tu marca y aportar valor a tu negocio. Nuestra cultura est\u00e1 enraizada en la innovaci\u00f3n, la colaboraci\u00f3n y el compromiso con la excelencia. Valoramos la creatividad sin limites y la atenci\u00f3n al detalle en cada proyecto que emprendemos. Estamos orgullosos de ser tu socio. <span\r\n                                        class=\"primary-text-color crete_right_decription_style_text\"><\/span>\r\n                            <\/p>\r\n                                                <div class=\"cta-box bg-white rounded-3 theme-shadow\">\r\n                            <div class=\"d-flex gap-3 flex-wrap flex-sm-nowrap\">\r\n                                                                <div>\r\n                                    \r\n                                                                    <\/div>\r\n                            <\/div>\r\n                            <div class=\"d-flex align-items-center gap-4 mt-40 flex-wrap\">\r\n                                                                                            <\/div>\r\n                        <\/div>\r\n                    <\/div>\r\n                <\/div>\r\n            <\/div>\r\n        <\/div>\r\n    <\/section>\r\n    <!--about section end-->\r\n\r\n\r\n            \r\n\r\n        \t\t\t\t<\/div>\n\t\t\t\t<\/div>\n\t\t\t\t<\/div>\n\t\t<div class=\"elementor-element elementor-element-049c6ba e-con-full e-flex e-con e-parent\" data-id=\"049c6ba\" data-element_type=\"container\" data-e-type=\"container\">\n\t\t\t\t<div class=\"elementor-element elementor-element-31fe351 servicios elementor-widget elementor-widget-crete_service_grid\" data-id=\"31fe351\" data-element_type=\"widget\" data-e-type=\"widget\" data-widget_type=\"crete_service_grid.default\">\n\t\t\t\t<div class=\"elementor-widget-container\">\n\t\t\t\t\t    <!--service section start-->\r\n    <section class=\"service-section ptb-100 position-relative z-1 overflow-hidden dark-bg-color\">\r\n                <span class=\"circle-shape-1 position-absolute z--1\"><\/span>\r\n        <span class=\"circle-shape-2 position-absolute z--1\"><\/span>\r\n                <div class=\"container\">\r\n            <div class=\"row justify-content-center\">\r\n\r\n                <div class=\"col-xl-6 col-lg-8\">\r\n                    <div class=\"section-title text-center\">\r\n                                                    <span class=\"cr-subtitle text-white fw-semibold position-relative d-inline-block wow fadeInUp\">Nuestros servicios<\/span>\r\n                                                                        \r\n                    <\/div>\r\n                <\/div>\r\n            <\/div>\r\n            <div class=\"row justify-content-center g-4 mt-60\">\r\n                \r\n                        <div class=\"col-md-6\">\r\n                            <div class=\"d-flex gap-4 service-card bg-white rounded-3 wow fadeInUp\">\r\n                        <span class=\"icon-wrapper flex-shrink-0\">\r\n                            <img decoding=\"async\" src=\"https:\/\/cristelescal.com\/wp-content\/uploads\/2023\/09\/icono1_.svg\" alt=\"icon\" class=\"img-fluid crete_main_searvice_image\">\r\n                        <\/span>\r\n                                <div>\r\n                                    <h6 class=\"mb-4\">Dise\u00f1o grafico<\/h6>\r\n                                    <p class=\"mb-32 fw-medium\"><p>Tengo m\u00e1s de 13 a\u00f1os de experiencia en Dise\u00f1o gr\u00e1fico y junto con nuestro equipo de dise\u00f1adores gr\u00e1ficos y expertos en multimedia estamos listos para dar vida a tu visi\u00f3n. Desde logotipos y gr\u00e1ficos llamativos hasta presentaciones multimedia impactantes, te ayudaremos a comunicar tu mensaje de manera visualmente atractiva y efectiva.<\/p><\/p>\r\n                                    <a href=\"#contacto\"\r\n                                       class=\"explore-btn\">\r\n                                        Rompe barreras                                        <span class=\"ms-2\">\r\n                                    <i aria-hidden=\"true\" class=\"fas fa-arrow-right\"><\/i>                                <\/span>\r\n                                    <\/a>\r\n                                <\/div>\r\n                            <\/div>\r\n                        <\/div>\r\n\r\n\r\n                        \r\n                        <div class=\"col-md-6\">\r\n                            <div class=\"d-flex gap-4 service-card bg-white rounded-3 wow fadeInUp\">\r\n                        <span class=\"icon-wrapper flex-shrink-0\">\r\n                            <img decoding=\"async\" src=\"https:\/\/cristelescal.com\/wp-content\/uploads\/2023\/09\/icono3.svg\" alt=\"icon\" class=\"img-fluid crete_main_searvice_image\">\r\n                        <\/span>\r\n                                <div>\r\n                                    <h6 class=\"mb-4\">Marketing digital<\/h6>\r\n                                    <p class=\"mb-32 fw-medium\"><p>Impulsa tu presencia en l\u00ednea con estrategias de marketing digital de vanguardia. Desde SEO y publicidad en redes sociales hasta marketing de contenidos y an\u00e1lisis de datos, te ayudamos a conectarte con tu audiencia y a aumentar tu visibilidad en la web.<\/p><\/p>\r\n                                    <a href=\"#contacto\"\r\n                                       class=\"explore-btn\">\r\n                                        Explora el Universo Digital                                        <span class=\"ms-2\">\r\n                                    <i aria-hidden=\"true\" class=\"fas fa-arrow-right\"><\/i>                                <\/span>\r\n                                    <\/a>\r\n                                <\/div>\r\n                            <\/div>\r\n                        <\/div>\r\n\r\n\r\n                        \r\n                        <div class=\"col-md-6\">\r\n                            <div class=\"d-flex gap-4 service-card bg-white rounded-3 wow fadeInUp\">\r\n                        <span class=\"icon-wrapper flex-shrink-0\">\r\n                            <img decoding=\"async\" src=\"https:\/\/cristelescal.com\/wp-content\/uploads\/2023\/09\/icono2_Mesa-de-trabajo-1.svg\" alt=\"icon\" class=\"img-fluid crete_main_searvice_image\">\r\n                        <\/span>\r\n                                <div>\r\n                                    <h6 class=\"mb-4\">Merchandising<\/h6>\r\n                                    <p class=\"mb-32 fw-medium\"><p>El merchandising es una forma poderosa de promocionar tu marca. Ofrecemos una amplia gama de productos personalizados, desde art\u00edculos promocionales hasta regalos promocionales, ropa y accesorios personalizados. Perm\u00edtenos ser tu socio en la creaci\u00f3n de productos que dejen una impresi\u00f3n duradera<\/p><\/p>\r\n                                    <a href=\"#contacto\"\r\n                                       class=\"explore-btn\">\r\n                                        Marca tu Huella                                         <span class=\"ms-2\">\r\n                                    <i aria-hidden=\"true\" class=\"fas fa-arrow-right\"><\/i>                                <\/span>\r\n                                    <\/a>\r\n                                <\/div>\r\n                            <\/div>\r\n                        <\/div>\r\n\r\n\r\n                        \r\n                        <div class=\"col-md-6\">\r\n                            <div class=\"d-flex gap-4 service-card bg-white rounded-3 wow fadeInUp\">\r\n                        <span class=\"icon-wrapper flex-shrink-0\">\r\n                            <img decoding=\"async\" src=\"https:\/\/cristelescal.com\/wp-content\/uploads\/2023\/09\/icono1-1.png\" alt=\"icon\" class=\"img-fluid crete_main_searvice_image\">\r\n                        <\/span>\r\n                                <div>\r\n                                    <h6 class=\"mb-4\">Carteler\u00eda: <\/h6>\r\n                                    <p class=\"mb-32 fw-medium\"><p>Desde peque\u00f1os carteles publicitarios hasta murales de gran formato, nuestra experiencia en carteler\u00eda y arquigraf\u00eda transforma tus espacios y comunica tu mensaje de manera impactante. Desde se\u00f1alizaci\u00f3n interior hasta elementos exteriores, trabajamos en proyectos de todas las escalas para dar vida a tus conceptos.<\/p><\/p>\r\n                                    <a href=\"#contacto\"\r\n                                       class=\"explore-btn\">\r\n                                        Potenci\u00e1 tu Marca                                        <span class=\"ms-2\">\r\n                                    <i aria-hidden=\"true\" class=\"fas fa-arrow-right\"><\/i>                                <\/span>\r\n                                    <\/a>\r\n                                <\/div>\r\n                            <\/div>\r\n                        <\/div>\r\n\r\n\r\n                        \r\n            <\/div>\r\n        <\/div>\r\n    <\/section>\r\n    <!--service section end-->\r\n    \r\n\r\n\r\n        \t\t\t\t<\/div>\n\t\t\t\t<\/div>\n\t\t\t\t<\/div>\n\t\t<div class=\"elementor-element elementor-element-20c3b8f e-flex e-con-boxed e-con e-parent\" data-id=\"20c3b8f\" data-element_type=\"container\" data-e-type=\"container\">\n\t\t\t\t\t<div class=\"e-con-inner\">\n\t\t\t\t<div class=\"elementor-element elementor-element-c9cebfc elementor-widget elementor-widget-crete_info_section\" data-id=\"c9cebfc\" data-element_type=\"widget\" data-e-type=\"widget\" data-widget_type=\"crete_info_section.default\">\n\t\t\t\t<div class=\"elementor-widget-container\">\n\t\t\t\t\t    <!--exp section start-->\r\n    <section class=\"exp-section ptb-100 overflow-hidden\">\r\n        <div class=\"container\">\r\n            <div class=\"row g-5 align-items-center\">\r\n                <div class=\"col-xl-6 col-lg-6\">\r\n                    <div class=\"image-wrapper\">\r\n\r\n                                                    <img decoding=\"async\" src=\"https:\/\/crete.themepreview.xyz\/home-one\/wp-content\/uploads\/sites\/2\/2023\/07\/ab-3.jpg\" alt=\"about\"\r\n                                 class=\"img-fluid rounded-4\">\r\n                                            <\/div>\r\n                <\/div>\r\n                <div class=\"col-xl-6 col-lg-6\">\r\n                    <div class=\"exp-content-right\">\r\n                        <span class=\"cr-subtitle fw-semibold primary-text-color position-relative wow fadeInUp d-inline-block\"><\/span>\r\n\r\n                        <h2 class=\"mb-5 mt-4 wow fadeInUp\"\r\n                            data-wow-delay=\"0.2s\">Creamos Ideas digitales que son <span\r\n                                    class=\"primary-text-color primary-bg-light px-2\">grandes<\/span>\r\n                        <\/h2>\r\n                        <p class=\"mb-40 wow fadeInUp\"\r\n                           data-wow-delay=\"0.3s\">Desarrollamos soluciones a medida desde webs y apps hasta campa\u00f1as de marketing que resuelven problemas, conectan con tu audiencia y impulsan tu crecimiento.\" <span\r\n                                    class=\"primary-text-color fw-semibold\"><\/span>\r\n                        <\/p>\r\n                        <div class=\"d-flex align-items-center gap-3 gap-sm-4 flex-wrap\">\r\n\r\n                            <a href=\"\"\r\n                               class=\"template-btn primary-btn wow fadeInUp\"\r\n                               data-wow-delay=\"0.2s\">Contacto<\/a>\r\n                            <a href=\"\"\r\n                               class=\"template-btn  outline-secondary wow fadeInUp\"\r\n                               data-wow-delay=\"0.3s\">Whatsapp <span\r\n                                        class=\"ms-2\"><i class=\"fas fa-arrow-right\"><\/i><\/span><\/a>\r\n                        <\/div>\r\n                    <\/div>\r\n                <\/div>\r\n            <\/div>\r\n        <\/div>\r\n    <\/section>\r\n    <!--expt section end-->\r\n    \r\n        \t\t\t\t<\/div>\n\t\t\t\t<\/div>\n\t\t\t\t\t<\/div>\n\t\t\t\t<\/div>\n\t\t<div class=\"elementor-element elementor-element-47e4ba2 e-flex e-con-boxed e-con e-parent\" data-id=\"47e4ba2\" data-element_type=\"container\" data-e-type=\"container\">\n\t\t\t\t\t<div class=\"e-con-inner\">\n\t\t\t\t<div class=\"elementor-element elementor-element-3552c12 elementor-widget__width-inherit e-transform elementor-widget elementor-widget-crete_brands\" data-id=\"3552c12\" data-element_type=\"widget\" data-e-type=\"widget\" data-settings=\"{&quot;_transform_scale_effect&quot;:{&quot;unit&quot;:&quot;px&quot;,&quot;size&quot;:1.1,&quot;sizes&quot;:[]},&quot;_transform_scale_effect_tablet&quot;:{&quot;unit&quot;:&quot;px&quot;,&quot;size&quot;:&quot;&quot;,&quot;sizes&quot;:[]},&quot;_transform_scale_effect_mobile&quot;:{&quot;unit&quot;:&quot;px&quot;,&quot;size&quot;:&quot;&quot;,&quot;sizes&quot;:[]}}\" data-widget_type=\"crete_brands.default\">\n\t\t\t\t<div class=\"elementor-widget-container\">\n\t\t\t\t\t        \n            <div class=\"position-relative\">\r\n     <span class=\"layer-blur position-absolute z--1\"><\/span>\r\n  <!--brand section start-->\r\n        <div class=\"crb-brand-section ptb-100\">\r\n            <div class=\"container\">\r\n                <div class=\"crb-brand-area bg-white theme-shadow rounded-5\">\r\n                    <div class=\"row\">\r\n                        <div class=\"col-xl-6\">\r\n                            <div class=\"section-title\">\r\n                               \r\n                                \r\n                                                                                  <h2 class=\"mt-4 mb-0 wow fadeInUp\" data-wow-delay=\"0.2s\">Clientes  \u3164\u3164\u3164 <span class=\"primary-text-color primary-bg-light\">que confiaron<\/span><\/h2>\r\n                                                \r\n                            <\/div>\r\n                        <\/div>\r\n                    <\/div>\r\n                    <div class=\"crb-brand-slider slider-spacing mt-5\">\r\n                                                <div class=\"single-item\">\r\n                            <img decoding=\"async\" src=\"https:\/\/cristelescal.com\/wp-content\/uploads\/2023\/11\/Mesa-de-trabajo-1-1.png\" alt=\"brand\" class=\"img-fluid\">\r\n                        <\/div>\r\n                                                <div class=\"single-item\">\r\n                            <img decoding=\"async\" src=\"https:\/\/cristelescal.com\/wp-content\/uploads\/2023\/11\/Mesa-de-trabajo-16.png\" alt=\"brand\" class=\"img-fluid\">\r\n                        <\/div>\r\n                                                <div class=\"single-item\">\r\n                            <img decoding=\"async\" src=\"https:\/\/cristelescal.com\/wp-content\/uploads\/2023\/11\/Mesa-de-trabajo-11.png\" alt=\"brand\" class=\"img-fluid\">\r\n                        <\/div>\r\n                                                <div class=\"single-item\">\r\n                            <img decoding=\"async\" src=\"https:\/\/cristelescal.com\/wp-content\/uploads\/2023\/11\/Mesa-de-trabajo-13.png\" alt=\"brand\" class=\"img-fluid\">\r\n                        <\/div>\r\n                                                <div class=\"single-item\">\r\n                            <img decoding=\"async\" src=\"https:\/\/cristelescal.com\/wp-content\/uploads\/2023\/11\/Mesa-de-trabajo-14.png\" alt=\"brand\" class=\"img-fluid\">\r\n                        <\/div>\r\n                                                <div class=\"single-item\">\r\n                            <img decoding=\"async\" src=\"https:\/\/cristelescal.com\/wp-content\/uploads\/2023\/11\/Mesa-de-trabajo-15.png\" alt=\"brand\" class=\"img-fluid\">\r\n                        <\/div>\r\n                                                <div class=\"single-item\">\r\n                            <img decoding=\"async\" src=\"https:\/\/cristelescal.com\/wp-content\/uploads\/2023\/11\/Mesa-de-trabajo-12.png\" alt=\"brand\" class=\"img-fluid\">\r\n                        <\/div>\r\n                                                \r\n                    <\/div>\r\n                <\/div>\r\n            <\/div>\r\n        <\/div>\r\n        <!--brand section end-->\r\n    <\/div>\r\n    \r\n    \r\n\n        \n        \t\t\t\t<\/div>\n\t\t\t\t<\/div>\n\t\t\t\t\t<\/div>\n\t\t\t\t<\/div>\n\t\t\t\t<\/div>\n\t\t","protected":false},"excerpt":{"rendered":"<p>25 A\u00f1os de experiencia Quienes somos Yo soy Cristel Escalante y junto a un selecto equipo de creativos y estrategas que se dedican a dar vida a tu visi\u00f3n. Con a\u00f1os de experiencia en marketing, dise\u00f1o y producci\u00f3n. Nos dedicamos a potenciar la identidad de tu marca y aportar valor a tu negocio. Nuestra cultura [&hellip;]<\/p>\n","protected":false},"author":1,"featured_media":0,"parent":0,"menu_order":0,"comment_status":"closed","ping_status":"closed","template":"full-width-page.php","meta":{"content-type":"","footnotes":""},"class_list":["post-2670","page","type-page","status-publish","hentry"],"acf":[],"_links":{"self":[{"href":"https:\/\/cristelescal.com\/index.php\/wp-json\/wp\/v2\/pages\/2670","targetHints":{"allow":["GET"]}}],"collection":[{"href":"https:\/\/cristelescal.com\/index.php\/wp-json\/wp\/v2\/pages"}],"about":[{"href":"https:\/\/cristelescal.com\/index.php\/wp-json\/wp\/v2\/types\/page"}],"author":[{"embeddable":true,"href":"https:\/\/cristelescal.com\/index.php\/wp-json\/wp\/v2\/users\/1"}],"replies":[{"embeddable":true,"href":"https:\/\/cristelescal.com\/index.php\/wp-json\/wp\/v2\/comments?post=2670"}],"version-history":[{"count":8,"href":"https:\/\/cristelescal.com\/index.php\/wp-json\/wp\/v2\/pages\/2670\/revisions"}],"predecessor-version":[{"id":3732,"href":"https:\/\/cristelescal.com\/index.php\/wp-json\/wp\/v2\/pages\/2670\/revisions\/3732"}],"wp:attachment":[{"href":"https:\/\/cristelescal.com\/index.php\/wp-json\/wp\/v2\/media?parent=2670"}],"curies":[{"name":"wp","href":"https:\/\/api.w.org\/{rel}","templated":true}]}}